(10). Suppose 13*a - 7028 - 11666 = h. Is a a composite number?
True
Suppose 2 = -6*g + 14. Suppose 0 = g*w + 3*q + 3098, 5*w - 2446 + 10169 = -2*q. Is 3*w/(-9)*3 a composite number?
False
Let w(o) = -23 + 425*o + 168*o - 17*o. Let i(a) = -a**2 - 30*a - 119. Let c be i(-25). Is w(c) prime?
True
Let u(v) = 204*v**3 + 6*v**2 + 6*v - 7. Let m be (-5 + 3)/(-6 - 11/(-2)). Is u(m) composite?
True
Let m(q) = 27*q + 34*q + 30*q + 37. Let u be m(12). Let a = u + -800. Is a composite?
True
Suppose -47 = -4*i + 9. Suppose -2*p + 3*u + 2 = -0*u, p = -5*u + i. Suppose 4*y = 5*x - 16335, -p*x - 3*y - 6527 = -6*x. Is x composite?
False
Let z = 189 + -485. Let y = 10020 - z. Is (1/2)/(2/y) a prime number?
True
Let o be (2 + 266)*1 - (-2 - -3). Let b = o + 1650. Suppose 13*t = 9042 + b. Is t a prime number?
False
Suppose 0 = -13*p + 18*p - 4*h - 2, 0 = 4*p + h - 10. Let f(y) = 313*y**3 - 2*y**2 + y - 1. Is f(p) a prime number?
False
Let d = -143314 - -224211. Is d composite?
False
Let x be -5 + (-2 - (-3 + -1)). Let u(o) = -o**3 - 7*o**2 + 29*o - 11. Let q be u(-10). Is (x - 1) + 2062 - q composite?
True
Suppose 26*t - 2779869 = -353627. Is t a prime number?
False
Let h = 56775 - 21176. Is h prime?
False
Let d(j) = j**3 - 27*j**2 - 19*j - 69. Let q be (2 + -8)/(-2 + -1). Let o be 2 - 78/((-6)/q). Is d(o) prime?
False
Let q = -81 + 97. Suppose q*v = 2*v + 39662. Is v a prime number?
True
Let q = -164 + 119. Let u = -9 - -7. Is ((-1116)/q)/(u/(-5)) composite?
True
Let b = -112 + 114. Is b/6*0/(-12) - -4534 composite?
True
Let p(j) = 35*j**2 + 9 + 4*j - 1 + 119*j**2. Let w be p(6). Suppose -w = -5*k - 1541. Is k composite?
True
Let x(m) = 4*m**3 - 75*m**2 + 24*m - 2. Is x(37) a composite number?
False
Let s(t) = 41*t**3 - 5*t**2 - 7*t - 5. Let h(z) = -81*z**3 + 9*z**2 + 15*z + 10. Let y(v) = -4*h(v) - 9*s(v). Is y(-4) prime?
False
Suppose 15*t = -33*t + 1576944. Let m = t + -16244. Is m a prime number?
False
Is (-1494390)/(-22) + (-5)/((-660)/24) prime?
True
Suppose -270*s - 354923 = -241*s - 2214780. Is s a prime number?
False
Let h(j) = 181*j + 32233. Is h(0) a prime number?
True
Let p be (-7 - -4) + -2 + 22856. Suppose 5*x + 5*f = f + p, -2*f - 18260 = -4*x. Is x composite?
False
Let m(x) = x. Let f(i) = -2*i + 21. Let n(b) = -f(b) - 4*m(b). Let o be n(-12). Suppose o*p - 1578 = 183. Is p prime?
True
Let x = -72 - -76. Suppose -3*k + 2*d + 2*d = -45557, 0 = x*k + d - 60768. Is k composite?
True
Let v = 6531 + -2652. Let g = v + -2480. Is g a prime number?
True
Let y(m) = 4*m**3 + 6*m**2 - 7*m + 25. Let f = -384 - -395. Is y(f) prime?
False
Let h(j) = -5043*j**2 + 26*j - 47. Let b be h(2). Let x = -9822 - b. Is x a composite number?
True
Let i(x) = -x**3 + 22*x**2 - 17*x - 16. Suppose 5*r + 5*v - 100 = 0, -r - 3*v + 43 = r. Let f be i(r). Suppose -6*o + 1206 = -f. Is o a prime number?
False
Suppose -s + 5*o + 8677 = 0, -7*s - 5*o = -3*s - 34608. Is s prime?
False
Let t = -2410 + 1270. Let d be t/(-9)*(-6)/(-5). Let b = -19 + d. Is b composite?
True
Let k = -40 - -28. Let l be ((-2)/(-6))/((-2)/k). Suppose l*p - 4103 = -1305. Is p a prime number?
True
Suppose 0 = -131*l + 2963159 + 2243436. Is l a prime number?
False
Let z(u) = 2*u**2 - 9*u + 9. Let y(m) = -7*m**2 + 35*m - 35. Let f(j) = 2*y(j) + 9*z(j). Suppose -10*h + 184 = h + 12*h. Is f(h) composite?
False
Suppose -z + 10*u + 6 = 14*u, -2*u = 3*z + 12. Is -4 - (z - -11493)/(-7) a composite number?
False
Let v = 55 - 47. Let j(c) = 68*c + 27. Let r be j(v). Let h = 878 - r. Is h a composite number?
False
Suppose 2*y + 2593 = -y - 2*m, 2*y + 1718 = 4*m. Let v be 1/(y/(-2598) + (-5)/15). Let k = v + 2899. Is k a prime number?
False
Let f(j) = 467409*j**3 - j**2 + 5*j - 6. Is f(1) composite?
True
Suppose -5*y = -0*y - 10, -2*l - 5*y + 10 = 0. Let b(n) = n**3 - 2*n**2 + 2*n + 161. Let h be b(l). Let j = h + -12. Is j composite?
False
Suppose 1 = 4*i + 2*d - 53, 5*i + 2*d - 69 = 0. Suppose 0 = -n - 15 + i. Is 4/8*26*(19 - n) prime?
False
Let k = 3 + 9. Let j be ((1 - -1) + k/(-4))*1327. Let p = 1868 + j. Is p prime?
True
Let p(k) = 18*k**2 + 31*k - 223. Let x be p(11). Let t = 4577 - x. Is t prime?
True
Let o(y) = 1895*y**3 + 2*y**2 + 7*y - 11. Let j be o(2). Suppose c - 2776 - 1015 = -2*d, 4*c + d = j. Is c prime?
True
Suppose -10310 = -2*o + 16268. Is o prime?
False
Suppose -4*y + 4 = 0, 99*r = 102*r + y - 506812. Is r composite?
False
Let l(g) = 40*g**3 - 3*g**2 - 19*g - 25. Let q be l(15). Suppose 6*i = 55*i - q. Is i prime?
False
Suppose 4*k + 39747 = -3*s + 209448, 2*s - 113134 = -k. Is s a prime number?
False
Suppose 138*v - 14571057 = 87*v. Is v prime?
True
Suppose 0 = -771*m + 785*m - 1964186. Is m a composite number?
True
Let q be 4/2 + (0 + 1)/1. Let z(h) = 127*h**3 - 3*h**2 + h - 1. Let n be z(q). Suppose -9*d + n = -5*d. Is d a composite number?
True
Suppose 4*n - n + 318789 = 12*n. Is n a composite number?
True
Let m(w) = w**3 - 4*w**2 + 5*w - 4. Let l be m(2). Let p be (-25)/l*(4 - 2). Suppose p*q - 21*q - 1324 = 0. Is q prime?
True
Let k(t) = 3962*t - 9117. Is k(8) a prime number?
False
Suppose 93*r - 116840459 = -31804421. Is r composite?
True
Let i(b) = -309*b - 4. Let c be i(-3). Suppose -55*j = -48*j - 1232. Suppose 7*o = c + j. Is o prime?
True
Let i be 1522/5*1000/8. Let b be (-6)/(-5)*i/15. Is 9/12 - b/(-16) composite?
False
Let b be 18 - 1 - 1/2*6. Suppose 39 - 11 = b*c. Is (-26384)/(-102) - ((-4)/6)/c a composite number?
True
Suppose -76 = -33*x - 10. Suppose 2*i - 5*i + 6159 = -3*b, x*i + 2*b - 4098 = 0. Is i composite?
True
Let h(o) = -2605*o + 4. Let l(i) = i**3 - 18*i**2 - 21*i + 37. Let b be l(19). Is h(b) a prime number?
True
Suppose 2*y + 5*n + 96 = 2*n, 5*y + 2*n + 218 = 0. Is (-28)/98 + (-52470)/y a prime number?
True
Let o be 29/(-58)*10970*2/(-2). Suppose -177*b = -182*b + o. Is b a prime number?
True
Let d be (24/(-14))/((-2)/7). Suppose 3*p - 4*q + 658 = d*p, 4*q - 4 = 0. Let g = p + 75. Is g a composite number?
False
Let a be 1/5 + 1566/145. Is (-1 + 0)/(a/(-36289)) a composite number?
False
Let i(j) = 138*j - 30. Let n be i(-24). Let g = n - -5675. Is g composite?
False
Let x = -160168 - -229187. Is x a composite number?
False
Is ((-18)/(-18))/5*535105 prime?
True
Let r(a) = -a**3 + 9*a**2 + 9*a - 12. Let o be r(9). Suppose 64*j + 4835 = o*j. Is j prime?
True
Let z(a) = 1803*a + 61. Let r be z(-20). Let s = r + 50482. Is s a prime number?
False
Suppose 36604 = 51*d - 336155. Is d prime?
True
Suppose 0 = 4*b + 176. Let a = -102 + 83. Let w = a - b. Is w prime?
False
Let v = 4201884 + -2993927. Is v prime?
True
Suppose -2*t - 2*o = -206544, -o + 73804 = 4*t - 339287. Is t composite?
True
Let c be (-8)/((-2636)/(-660) + -4). Let i(l) = 92*l**3 - 4*l**2 - 9*l + 1. Let t be i(-2). Let o = t + c. Is o composite?
False
Suppose 0 = 3*q - a - 5, q + 3*a = -0*a - 15. Suppose -l - 1064 = 3*n - 3542, 4*n - 20 = q. Is l a composite number?
True
Let a(r) = -27544*r + 389. Is a(-6) a prime number?
True
Let z = 21 + -17. Suppose -2*u + 3063 = 4*b + 533, 3*u = -z*b + 2533. Is b a prime number?
True
Let m be (10 + 0)*6/24*6. Suppose 0 = 7*l - 2*l - m, 3*p = 4*l + 87543. Suppose p = 8*b - 4359. Is b composite?
True
Suppose 2*k + 5*h = 27, -4*h + 3*h = k - 9. Let v = k - 67. Let g = 119 + v. Is g composite?
True
Suppose 3*u + 0*u = 4*p + 83, -3*u - 4*p + 91 = 0. Suppose 2278 = -40*r + 4035 + 2323. Suppose -r = -a + u. Is a a prime number?
True
Let d be ((-3)/(-4))/((-3)/(-24)). Suppose l = d*l + 10. Let t(c) = -24*c**3 - 3*c**2 - 2*c - 1. Is t(l) composite?
True
Suppose 0 = -3*v - 2*w + 25261, -3*w = -3*v + w + 25249. Is v composite?
False
Suppose 13*q - 8*q - 1032 = l, 3*q = l + 1022. Let x = 936 - l. Is x composite?
True
Suppose -3*i = -4*j + 105190, 706*i = 709*i + 18. Is j prime?
True
Let x be (-46)/161 + 200/14 + -1. Suppose x*g - 4842 = 7*g. Is g composite?
True
Let f(c) = 4763*c**2 - 5. Let x be f(2). Is (x/42)/((-1)/(-2)) composite?
False
Let u(x) be the first derivative of -x**4/4 - 2*x**3 - 6*x**2 - 3*x - 13. Let j be u(-5). Let v = 253 - j. Is v composite?
True
Suppose 4 = y - 5. Suppose -60 = -3*i - y. Suppose 0 = i*h - 3245 + 576. Is h composite?
False
Let m = -980 + 10761. Is m prime?
True
Suppose 3*v + 39928 = 10*v. Suppose 4*y = 7*t - 2*t - v, 3*t - y - 3421 = 0. Suppose 3*